factors of g?
5, 47
Let f(q) = -3*q**3 + 2*q**2 - 4*q + 4. Let k be f(3). Let l = k + 102. List the prime factors of l.
31
Let p be 4/(-14) + 174/21. Let s = p - 2. List the prime factors of s.
2, 3
Suppose 2*c - 64 = -i - c, -i + c + 56 = 0. What are the prime factors of i?
2, 29
Suppose 0*k + 96 = 4*k. Suppose v - 65 = -4*v. Let r = k - v. List the prime factors of r.
11
Let m(h) be the first derivative of h**2 - 12*h + 2. Let j be 7 - (-1 - (2 - 2)). List the prime factors of m(j).
2
What are the prime factors of (-2904)/(-20) - (-1)/(-5)?
5, 29
Let b(t) = 5*t - 2. Let n(k) = k + 1. Let z(h) = -b(h) + 4*n(h). Suppose 17 = -3*s + w + 2, 3*s - 4*w + 6 = 0. What are the prime factors of z(s)?
2, 3
Let i be 2/(-8) - 663/(-12). Suppose -5*t + y + 4*y = -i, 5*t = -y + 73. List the prime factors of t.
2, 7
Suppose 0*q = b + q + 23, -91 = 5*b - 3*q. Let t = 33 + b. What are the prime factors of t?
13
Let y = 9 + -5. Suppose 5*p = y*k + 63, -2*k = -5*p + 3*p + 26. What are the prime factors of p?
11
Let w = -16 + 28. Suppose 0*l - w = -4*l. What are the prime factors of l?
3
Let z be (-40)/(-6) + (-4)/6. Let c = -5 + z. Suppose 0 = x - 13 + c. List the prime factors of x.
2, 3
Let h be (-5)/((-1)/(2 + -1)). Let z(r) = r**3 - 3*r**2 - 8*r + 5. List the prime factors of z(h).
3, 5
Suppose -4*c - 2 - 2 = 0, 2*c = 3*v - 5. Let l be 5/((3 - v) + -1). Suppose 9 = l*x - 11. List the prime factors of x.
2
Let n be (12/18)/((-2)/(-3)). Suppose 0 = -c + 4 + n. List the prime factors of c.
5
Suppose 0 = 4*z - 8 - 48. List the prime factors of z.
2, 7
Let i(r) = 2*r - 6. Let c = 15 - -1. Let z = -10 + c. What are the prime factors of i(z)?
2, 3
Let j be 0*((-7)/2 - -3). Let f be 242/8 + (-3)/12. Suppose f = 2*p - j*p. List the prime factors of p.
3, 5
What are the prime factors of 23886/126 - (-4)/(-7)?
3, 7
Suppose 140 - 563 = -3*w. What are the prime factors of w?
3, 47
Suppose 8 = -3*d + d + 3*i, 5*d = 4*i - 20. Let m(a) = -a**2 - 8*a. List the prime factors of m(d).
2
Let b be 208/(-6)*(-90)/20. Suppose -2*j + b = 2*j. List the prime factors of j.
3, 13
Let k(w) = w**3 + 2*w**2 - 3*w - 1. Let h be 2 - ((4 - 3) + 4). Let t be k(h). Let s(o) = -11*o - 1. List the prime factors of s(t).
2, 5
Suppose 3 = -2*h + s, -2*s + 6 = 2*h - 0*s. Suppose 0 = 4*b - 12, h*m + 2*b = 5*m - 14. Suppose -20 = -q - m. List the prime factors of q.
2
Let g(p) = 2*p**2 + 6*p. List the prime factors of g(-6).
2, 3
Suppose -9*u + 10*u - 376 = -3*a, -3*a + 380 = 2*u. List the prime factors of a.
2, 31
Suppose 3*q = 2*h + 118, 0*h - h = 5. Suppose q = -n + 3*n. What are the prime factors of n?
2, 3
Let w(k) = 11 - k**2 + 1 + 6. Suppose -5*r = -4*p + 5, -6*r + 2*r - 4 = 2*p. What are the prime factors of w(p)?
2, 3
Let j = 145 + -103. Let n = -23 + j. What are the prime factors of n?
19
Let y(w) = 2*w + 1. Let s(b) = 1. Let f(h) = -2*s(h) + y(h). Suppose 0 = -o - p + 6, 5*o = 2*p + 3*p + 20. List the prime factors of f(o).
3
Suppose 0 = 4*p + p - 3*j - 269, 5*p = j + 273. What are the prime factors of p?
5, 11
Suppose 2*g + g = -72. Let i = 12 + g. Let n = i + 19. What are the prime factors of n?
7
Let f(m) be the third derivative of m**5/60 + m**4/12 + 16*m**3/3 + 4*m**2. What are the prime factors of f(0)?
2
Let h(m) = -m**3 + m**2 + m + 43. Let k be h(0). Let l = -25 + k. List the prime factors of l.
2, 3
Suppose -3*r = 3*s - 12, -5*s + 8 = 4*r - 9. Let g be 2/8 - (-10)/(-8). List the prime factors of (-1)/(g/11*s).
11
Let x(p) = -6*p - 2*p**2 + 2*p**3 - p**3 + 0*p**3 + 3 - 2. List the prime factors of x(4).
3
Let q(p) = 8*p**2 + 6*p - 6. Let v(f) = f - 1. Let i(o) = q(o) - 5*v(o). What are the prime factors of i(1)?
2
Let w(g) = g**3 + 8*g**2 - 4*g - 3. List the prime factors of w(4).
173
Let a = 45 + -30. What are the prime factors of 6*(a/(-9))/(-5)?
2
Let n(m) = 2*m**3 - m**2 + m - 2. Let k be 1/(-5)*2*-10. Let l = k + -2. What are the prime factors of n(l)?
2, 3
Suppose -5*y + 3*m + 15 = 0, -2*m = 4*y - 43 + 9. Suppose y + 2 = i. List the prime factors of i.
2
Suppose 3*b = 7*b + 20. List the prime factors of (-25)/(-10)*(-56)/b.
2, 7
Suppose 4*m = -36 - 24. Let c = m - -29. What are the prime factors of c?
2, 7
Let f(i) = i**3 + 8*i**2 - 27*i - 25. List the prime factors of f(-10).
3, 5
Let l(g) = -4*g + 30. List the prime factors of l(-12).
2, 3, 13
Let v(w) be the first derivative of 2*w**3/3 + w - 14. Suppose 4*s = -q - 4, 6*s + 2 = s - 2*q. List the prime factors of v(s).
3
Let q be 0/(0 + 5 + -3). Suppose q = j + p - 2, -j + 5*p - 3 = -5*j. What are the prime factors of j?
7
Let f(t) = -t**3 + 9*t**2 + 14*t - 12. Let s be f(10). Suppose -r - 11 = -s. List the prime factors of r.
17
Let l be -6*1*(-2)/3. Let z = l - 2. List the prime factors of 15 + -2 - (4 - z).
11
Suppose 4*o + 1 = -2*g - 1, 0 = 3*g + 5*o + 1. Suppose g*s = -0*d - 2*d + 97, -4*s - d + 126 = 0. List the prime factors of s.
31
Suppose -5*m - 5*z - 85 = 0, 0 = -3*z + 5 + 7. Let r = 38 + m. List the prime factors of r.
17
Let g = 5 + -3. Suppose 0 = -3*d - 5*m - 29, -2*d + m = 3*d + 11. What are the prime factors of 3 + (-1 - g)/d?
2
Suppose 3*q + 1 = 3*y - 14, 0 = -5*q - 3*y - 17. Let c(h) = -3*h**2 + 2*h - 3 - 3*h**3 + 2*h**3 - 1. What are the prime factors of c(q)?
2
Let i = -1 + 1. Suppose 4*d = -4*s + 16, -d = 2*d. What are the prime factors of s + -2 + (0 - i)?
2
Let p = -3 + 4. Let s be 3*(3/p)/3. Suppose -70 = -5*g + s*x, -g + 3*x = 2*x - 14. List the prime factors of g.
2, 7
Let w = 352 + -165. What are the prime factors of w?
11, 17
Let s(t) be the third derivative of t**5/30 - t**4/6 + t**3/6 + 3*t**2. What are the prime factors of s(3)?
7
Suppose 0 = -3*f + 28 - 7. Let v = 9 - f. Suppose -6*d + 12 = -v*d. What are the prime factors of d?
3
Suppose 116 = 5*d - 24. Suppose -5*a + d = -82. List the prime factors of a.
2, 11
Let r(a) = -10*a. Suppose 3 = -2*d - d. Let n be r(d). Suppose -l = 5*y - 19, -y + n = 5*l - 13. What are the prime factors of l?
2
Let u = -22 - -44. What are the prime factors of u?
2, 11
Let c(y) = y**2 - 10*y - 6. Let j be c(11). List the prime factors of (-122)/(-4) + j/(-10).
2, 3, 5
Suppose 0 = -5*u + 4*k + 313, 0*u - 5*u + 2*k + 319 = 0. What are the prime factors of u?
5, 13
Suppose -u - 9 = -t - 23, 0 = 5*t - 2*u + 67. Let h = 66 + t. List the prime factors of h.
53
Let q = 36 + -30. What are the prime factors of q?
2, 3
Suppose 2*b = 4 + 4. Suppose 0 = b*o + 11 + 13. What are the prime factors of 16/(-24) + (-58)/o?
3
Suppose 49 = 4*q - 91. List the prime factors of q.
5, 7
Let t(u) = 30*u - 52. What are the prime factors of t(7)?
2, 79
What are the prime factors of (21 - -1)/((120/54)/10)?
3, 11
Let r(a) = -a**3 + 9*a**2 + 5*a - 14. List the prime factors of r(7).
7, 17
Let k(r) = r**2 - 4*r - 11. Suppose -5*s + 35 = -0. List the prime factors of k(s).
2, 5
Suppose 4*i - 2 = 3*i. Suppose -3*s + 48 = 2*a, 27 = s + i*s - 5*a. What are the prime factors of s?
2, 7
Let g = 21 + 15. List the prime factors of g.
2, 3
Let p = 2 + 0. Let f(b) = b**3 - b**2 - b**2 - b - 3 + 4*b. List the prime factors of f(p).
3
Let k = 14 + 7. What are the prime factors of k?
3, 7
Suppose -3*x + 41 = -5*s - 4, -5*s - 5*x = 45. Let a be 3/(4/((-840)/s)). Suppose 6*z - a = z. What are the prime factors of z?
2, 7
Let x(z) = 3*z + 45. What are the prime factors of x(19)?
2, 3, 17
Let h = -4 - -9. What are the prime factors of h - 2 - 0 - -28?
31
Let p(z) = 2*z - 3*z + z**2 + 4*z**2 - z**3 - 1. Suppose 0 = -2*f + 8. List the prime factors of p(f).
11
Suppose v = -2*v + 6. List the prime factors of (-1)/v - (-126)/4.
31
Suppose 4*u + u + 3*c = 35, -2*u - 5*c = -14. Let q(f) = 8*f**2 + f**3 - f**3 - 7*f + 7 - f**3. What are the prime factors of q(u)?
7
Let j = -4 + 8. List the prime factors of (j/(-6))/((-4)/60).
2, 5
Let r = -16 - -24. Suppose -3*x - 15 = -r*x. Let g(d) = d**3 - 3*d**2 + 4*d - 2. What are the prime factors of g(x)?
2, 5
Let k = 127 + -83. List the prime factors of k.
2, 11
Suppose 8*a = 351 + 745. What are the prime factors of a?
137
Let w = -20 + 15. List the prime factors of 338/8 - w/(-20).
2, 3, 7
Let s be (-1)/4 + (-17)/(-4). Suppose 86 = 3*i + s*x, 125 = 4*i - 9*x + 4*x. What are the prime factors of i?
2, 3, 5
Let q(w) = 3*w - 1. What are the prime factors of q(4)?
11
L